 of h and y?
9
Let u = -3 - -6. Suppose -75 = -5*i - u*x - 2*x, -75 = -5*i - 3*x. Calculate the greatest common factor of i and 10.
5
Suppose -1 = t - 11. Suppose -q - 10 = -3*j, t = 5*q - 2*j - j. Suppose -2*z + 6*z + q*v = 369, 3*v + 297 = 3*z. What is the highest common factor of 12 and z?
12
Let s = 0 + 15. Let d = 43 - 52. Let l(w) = -w**2 - 9*w + 3. Let a be l(d). What is the highest common divisor of s and a?
3
Let m(b) = -b - 5. Let w be m(-10). Let l be w + 150/(-3 - -5). What is the greatest common factor of l and 5?
5
Let n(t) = -t + 1. Let g be n(-3). Suppose 2*y = s - 23 - 11, -4*y + 28 = s. What is the greatest common divisor of g and s?
4
Let u = 11 + -22. Let b(i) = -i**3 - 10*i**2 + 7*i - 6. Let n be b(u). Calculate the greatest common divisor of n and 95.
19
Suppose 0 = -0*h + 2*h + 8, s = -5*h + 30. Calculate the highest common divisor of s and 800.
50
Let r(a) = a**2 + 16*a - 8. Let y be r(-19). Let t be (-5)/(15/18)*-7. Let v be (2/(-6))/((-2)/t). Calculate the greatest common factor of y and v.
7
Suppose -2*k - 3*c = -2 + 9, 2*k - 4*c = 28. Calculate the highest common factor of k and 64.
4
Let j be ((-14)/(-10))/(61/915). Suppose -b - b + 207 = 5*o, 0 = -2*b + 3*o + 167. Suppose y = b - 28. Calculate the highest common factor of y and j.
21
Suppose -3*b - 3*v = -1179, 3*b = -2*b + 5*v + 1945. What is the highest common factor of b and 92?
23
Let p = -34 + 72. Let x = p + -35. Calculate the greatest common divisor of 24 and x.
3
Suppose -5*l = -4*c - 1433, l - 6*c + 273 = 2*l. What is the highest common factor of l and 30?
15
Let b be 781/213*(1 + 13*2). Calculate the greatest common factor of b and 22.
11
Let g = 6 + 3. Suppose 2*r + 3 = g. Suppose 11 = -r*l + 2, -l = z - 9. Calculate the highest common divisor of z and 24.
12
Suppose -2*s - 3*s = 2*m - 76, -m - 25 = -2*s. Calculate the greatest common divisor of s and 21.
7
Let d(y) = y**3 - 6*y**2 + 3*y - 12. Let o be d(6). Let k(g) = g**2 - 14*g + 6. Let h be k(14). Calculate the highest common divisor of o and h.
6
Let g = 121 + -6. Let c = g + -43. What is the highest common divisor of 24 and c?
24
Let h(n) = 5*n + 105. Let m be h(20). What is the highest common factor of 5 and m?
5
Let h be (-4)/10 + (-27)/(-5). Suppose 5*i - 11 = -4*z + 2, 2*z + h*i + 1 = 0. Suppose 0*r = -5*r + 5. Calculate the greatest common factor of z and r.
1
Let f = -4 + 14. Suppose d = 3*d - f. Suppose -19 - 26 = -3*y. Calculate the highest common factor of y and d.
5
Suppose n + 29 = q, 3*q - 4*q - 4*n + 54 = 0. Let s = q - 20. Suppose -5*m + 186 = -s. What is the highest common divisor of m and 8?
8
Suppose -51*m + 1327 = -4181. Calculate the highest common factor of m and 684.
36
Let b(n) = 3*n**3 + 4*n**2 + 1. Let k be b(-3). Let y be k + 0 + 3 + -1. Let q = 142 + y. What is the greatest common divisor of 40 and q?
20
Let n(b) = -b + 3. Let j(l) = -l + 1. Let h = 18 + -29. Let z(s) = h*j(s) + 6*n(s). Let w be z(4). What is the greatest common divisor of w and 9?
9
Suppose 0 = -9*o - 7 - 2. Let h be (((-10)/(-15))/o)/(1/(-12)). What is the highest common factor of 64 and h?
8
Let a(c) = -43*c + 3. Let z be a(-2). Let r = 109 + z. Suppose 4*h + 3*f - 76 = f, -5*h = 2*f - 94. What is the greatest common factor of r and h?
18
Let a = 6 - 28. Let m = a + -22. Let f = 62 + m. Calculate the highest common factor of f and 45.
9
Let c(h) = 137*h + 119. Let i be c(3). What is the greatest common factor of i and 20?
10
Let l be 1005 - -2*6/(-6). What is the highest common divisor of 34 and l?
17
Suppose -o - 4*q = -2*q - 47, -q - 53 = -o. Let s be (o/(-9))/((13/(-48))/13). Calculate the greatest common divisor of s and 34.
34
Suppose -3*i = -c - 185, 4*c = 8*c - 4. What is the highest common factor of i and 31?
31
Suppose 0 = 3*u - u - 78. Let n = u + -7. Suppose z = -g + n + 26, -5*g = 2*z - 110. What is the highest common factor of z and 12?
12
Suppose j - 9*j = 352. Let l be ((-3)/15*j)/((-5)/(-25)). Calculate the greatest common divisor of 22 and l.
22
Suppose 3*o = 3*u - 119 - 46, 0 = 2*o. Let f be (-5)/(2/(-4)*2). Calculate the greatest common factor of f and u.
5
Let m = -4 + 236. Calculate the highest common divisor of 29 and m.
29
Let c(x) = -x**3 - 13*x**2 + 14*x + 1. Let z be c(-14). Let k be ((-3)/(-1) - 1)*(z - -7). What is the highest common factor of k and 48?
16
Let m(w) = -w**3 - 43*w**2 - 7*w - 245. Let y be m(-43). What is the greatest common factor of y and 574?
14
Suppose -5*k - j + 71 = 0, 0 = -8*k + 3*k - 5*j + 55. Suppose 5*g + s - 71 = 34, 0 = -2*s. Let q = g + 9. What is the greatest common factor of q and k?
15
Let f = -83 - -52. Let s = 86 - f. Calculate the highest common factor of 13 and s.
13
Let a(h) = h**2 - 7*h + 2. Let p be a(7). Let z(y) = y + 7*y**2 + 4 + 29*y**p - 3. Let s be z(2). Calculate the greatest common factor of 21 and s.
21
Let m(w) = -101*w**3 - w**2 - w - 1. Let d be m(-1). Calculate the greatest common factor of 60 and d.
20
Let c(i) = i**3 - i**2 + 2. Let a be c(0). Let y(d) = -d**3 + 3*d**2 + 3. Let x be y(a). What is the greatest common factor of 77 and x?
7
Let j = -57 + 80. Let f = 38 - j. Suppose p = 3*v + 9, 0*p - 9 = -2*p - 3*v. What is the highest common factor of f and p?
3
Suppose -y - 2*y = 42. Let c(v) = v**2 + 15*v + 21. Let s be c(y). Let q = 23 + 26. Calculate the highest common divisor of s and q.
7
Let t(c) = 4*c. Let z be t(13). Let w = z - 36. Let d be ((-72)/5)/(6/(-20)). Calculate the greatest common divisor of w and d.
16
Let b be ((-6)/(-5))/(-1 - 7/(-10)). Let o be 11 + (b/(-12))/(1/(-6)). Calculate the highest common factor of o and 27.
9
Let l = -12 + 21. Suppose l*d - 4*d = -3*k + 457, 150 = k + 4*d. What is the greatest common factor of 22 and k?
22
Let a = -81 + 47. Let t = a + 67. Calculate the highest common factor of t and 22.
11
Let f be 46/(-161) + 3 + 1119/21. Calculate the highest common factor of f and 28.
28
Let d(q) = q**3 - 4*q**2 + 3*q - 5. Let z be d(5). Calculate the greatest common factor of z and 56.
7
Let t = 1268 - 1140. What is the greatest common divisor of t and 176?
16
Let g = -1851 - -1900. Calculate the highest common factor of g and 49.
49
Let u be (-2)/(-5) + (-196)/(-10). Let m = -66 + 68. Suppose -t = -3*y - 2, 3*t + m*y + 2 = 8. What is the highest common factor of t and u?
2
Suppose -2*x + 84 + 56 = 0. Let w = x - 53. Calculate the greatest common divisor of 51 and w.
17
Let a(f) = -12*f - 3. Let c be a(-1). Suppose y = 3*v + 78, -4*v = -v - 3. Calculate the highest common divisor of y and c.
9
Suppose 3*i = -5*z - 587, 5*i - 4*i + 196 = -2*z. Let w = 294 + i. What is the highest common divisor of w and 25?
25
Suppose -264 = 4*o - 2*w - 774, -5*o - 5*w = -615. Let k(u) = -u**2 + 7*u + 8. Let c = 36 - 30. Let p be k(c). What is the highest common divisor of o and p?
14
Let b(u) = 3*u**2 - 15*u - 12. Let d be b(12). Calculate the greatest common divisor of 192 and d.
48
Let n(g) = -31*g - 129. Let j be n(-9). Calculate the greatest common divisor of j and 200.
50
Let m be (-65)/(-26) - -146*6/8. Let q be (-1)/2 + (-66)/(-4). What is the highest common factor of q and m?
16
Suppose -7*w = -6*w - 2. Suppose -6 = -2*z - w. Let a = -25 + 47. Calculate the highest common divisor of z and a.
2
Let v be 19416/84 - (-4)/(-28). What is the greatest common divisor of 561 and v?
33
Let r be (63/45)/((-2)/(-20)). Let x = r - 4. What is the highest common divisor of 70 and x?
10
Let i(y) = -5*y - 5. Let h be i(-6). Suppose 3*b = -5*x - 3, -h - 1 = -5*b + 2*x. Calculate the highest common divisor of b and 1.
1
Let x(h) = h**3 + 29*h**2 + 2*h + 43. Let c be x(-29). Let y = 6 - 9. Let d be (-20)/c*y/(-2). What is the greatest common factor of 20 and d?
2
Let c(h) = h**3 + 35*h**2 - 50*h - 31. Let s be c(-36). What is the greatest common divisor of s and 43?
43
Let n(t) = t**3 - 6*t**2 + 3*t + 13. Let f be n(5). Suppose -5*i = 3*r, -f*r = 2*i - r + 4. What is the highest common divisor of i and 15?
3
Let z = 1642 - 1594. Calculate the greatest common divisor of 624 and z.
48
Let r(s) = 6*s - 47. Let i be r(-17). Let u = -69 - i. What is the greatest common factor of u and 48?
16
Let r = -308 - -488. Calculate the greatest common divisor of r and 240.
60
Let u = 39 - 21. Let c = u + 62. Suppose -3*v + 